{"id":349,"date":"2020-09-16T00:02:50","date_gmt":"2020-09-16T00:02:50","guid":{"rendered":"https:\/\/importando-usa.com\/site\/?page_id=349"},"modified":"2020-10-13T14:50:53","modified_gmt":"2020-10-13T14:50:53","slug":"nosotros","status":"publish","type":"page","link":"https:\/\/importando-usa.com\/site\/nosotros\/","title":{"rendered":"Nosotros"},"content":{"rendered":"\t\t<div data-elementor-type=\"wp-page\" data-elementor-id=\"349\" class=\"elementor elementor-349\">\n\t\t\t\t\t\t<div class=\"elementor-inner\">\n\t\t\t\t<div class=\"elementor-section-wrap\">\n\t\t\t\t\t\t\t\t\t<section class=\"elementor-section elementor-top-section elementor-element elementor-element-95ffdd4 elementor-section-stretched elementor-section-boxed elementor-section-height-default elementor-section-height-default\" data-id=\"95ffdd4\" data-element_type=\"section\" data-settings=\"{&quot;stretch_section&quot;:&quot;section-stretched&quot;}\">\n\t\t\t\t\t\t<div class=\"elementor-container elementor-column-gap-default\">\n\t\t\t\t\t\t\t<div class=\"elementor-row\">\n\t\t\t\t\t<div class=\"elementor-column elementor-col-100 elementor-top-column elementor-element elementor-element-b81e869\" data-id=\"b81e869\" data-element_type=\"column\">\n\t\t\t<div class=\"elementor-column-wrap elementor-element-populated\">\n\t\t\t\t\t\t\t<div class=\"elementor-widget-wrap\">\n\t\t\t\t\t\t<div class=\"elementor-element elementor-element-00699ff elementor-widget elementor-widget-heading\" data-id=\"00699ff\" data-element_type=\"widget\" data-widget_type=\"heading.default\">\n\t\t\t\t<div class=\"elementor-widget-container\">\n\t\t\t<div class=\"elementor-heading-title elementor-size-default\">NOSOTROS<\/div>\t\t<\/div>\n\t\t\t\t<\/div>\n\t\t\t\t\t\t<\/div>\n\t\t\t\t\t<\/div>\n\t\t<\/div>\n\t\t\t\t\t\t\t\t<\/div>\n\t\t\t\t\t<\/div>\n\t\t<\/section>\n\t\t\t\t<section class=\"elementor-section elementor-top-section elementor-element elementor-element-f198651 elementor-section-stretched elementor-section-full_width elementor-section-height-default elementor-section-height-default\" data-id=\"f198651\" data-element_type=\"section\" data-settings=\"{&quot;stretch_section&quot;:&quot;section-stretched&quot;}\">\n\t\t\t\t\t\t<div class=\"elementor-container elementor-column-gap-default\">\n\t\t\t\t\t\t\t<div class=\"elementor-row\">\n\t\t\t\t\t<div class=\"elementor-column elementor-col-50 elementor-top-column elementor-element elementor-element-9804009\" data-id=\"9804009\" data-element_type=\"column\">\n\t\t\t<div class=\"elementor-column-wrap elementor-element-populated\">\n\t\t\t\t\t\t\t<div class=\"elementor-widget-wrap\">\n\t\t\t\t\t\t<div class=\"elementor-element elementor-element-ec23879 elementor-widget elementor-widget-image\" data-id=\"ec23879\" data-element_type=\"widget\" data-widget_type=\"image.default\">\n\t\t\t\t<div class=\"elementor-widget-container\">\n\t\t\t\t\t\t\t\t<div class=\"elementor-image\">\n\t\t\t\t\t\t\t\t\t\t\t\t<img loading=\"lazy\" decoding=\"async\" width=\"800\" height=\"533\" src=\"https:\/\/importando-usa.com\/site\/wp-content\/uploads\/2020\/09\/2063.jpg\" class=\"attachment-full size-full\" alt=\"\" srcset=\"https:\/\/importando-usa.com\/site\/wp-content\/uploads\/2020\/09\/2063.jpg 800w, https:\/\/importando-usa.com\/site\/wp-content\/uploads\/2020\/09\/2063-300x200.jpg 300w, https:\/\/importando-usa.com\/site\/wp-content\/uploads\/2020\/09\/2063-768x512.jpg 768w\" sizes=\"(max-width: 800px) 100vw, 800px\" \/>\t\t\t\t\t\t\t\t\t\t\t\t\t\t<\/div>\n\t\t\t\t\t\t<\/div>\n\t\t\t\t<\/div>\n\t\t\t\t\t\t<\/div>\n\t\t\t\t\t<\/div>\n\t\t<\/div>\n\t\t\t\t<div class=\"elementor-column elementor-col-50 elementor-top-column elementor-element elementor-element-3446419\" data-id=\"3446419\" data-element_type=\"column\">\n\t\t\t<div class=\"elementor-column-wrap elementor-element-populated\">\n\t\t\t\t\t\t\t<div class=\"elementor-widget-wrap\">\n\t\t\t\t\t\t<div class=\"elementor-element elementor-element-1622cba elementor-widget elementor-widget-text-editor\" data-id=\"1622cba\" data-element_type=\"widget\" data-widget_type=\"text-editor.default\">\n\t\t\t\t<div class=\"elementor-widget-container\">\n\t\t\t\t\t\t\t\t<div class=\"elementor-text-editor elementor-clearfix\">\n\t\t\t\t<p>IMPORTANDO \u2013 USA, es una revista de dirigida a Latino Am\u00e9rica y El Caribe.<\/p><p>De distribuci\u00f3n semestral en forma F\u00edsica y mensual en forma Digital.<\/p><p>F\u00edsicamente con llegada a los siguientes pa\u00edses: Colombia, Ecuador, Per\u00fa, Chile, Bolivia, Paraguay, Panam\u00e1, Costa Rica, Honduras, Guatemala, El Salvador y Guatemala.<\/p><p>Online con llegada al Caribe y todos los pa\u00edses que visiten nuestra Revista Digital y\/o Web Site.<\/p>\t\t\t\t\t<\/div>\n\t\t\t\t\t\t<\/div>\n\t\t\t\t<\/div>\n\t\t\t\t<div class=\"elementor-element elementor-element-c326f5a elementor-widget-divider--view-line elementor-widget elementor-widget-divider\" data-id=\"c326f5a\" data-element_type=\"widget\" data-widget_type=\"divider.default\">\n\t\t\t\t<div class=\"elementor-widget-container\">\n\t\t\t\t\t<div class=\"elementor-divider\">\n\t\t\t<span class=\"elementor-divider-separator\">\n\t\t\t\t\t\t<\/span>\n\t\t<\/div>\n\t\t\t\t<\/div>\n\t\t\t\t<\/div>\n\t\t\t\t<div class=\"elementor-element elementor-element-2d149f4 elementor-widget elementor-widget-text-editor\" data-id=\"2d149f4\" data-element_type=\"widget\" data-widget_type=\"text-editor.default\">\n\t\t\t\t<div class=\"elementor-widget-container\">\n\t\t\t\t\t\t\t\t<div class=\"elementor-text-editor elementor-clearfix\">\n\t\t\t\t<p>IMPORTANDO \u2013 USA, is a magazine targeting Latin America and the Caribbean.<\/p><p>Our printed edition is distributed twice a year and our digital version in distributed every month.<\/p><p>Our printed version is distributed in the following countries: Colombia, Ecuador, Peru, Chile, Bolivia, Paraguay, Panama, Costa Rica, Honduras, Guatemala, El Salvador and Guatemala.<\/p><p>Online with arrival in the Caribbean and all the countries that visit our Digital Magazine \/ or Website.<\/p>\t\t\t\t\t<\/div>\n\t\t\t\t\t\t<\/div>\n\t\t\t\t<\/div>\n\t\t\t\t\t\t<\/div>\n\t\t\t\t\t<\/div>\n\t\t<\/div>\n\t\t\t\t\t\t\t\t<\/div>\n\t\t\t\t\t<\/div>\n\t\t<\/section>\n\t\t\t\t\t\t\t\t\t<\/div>\n\t\t\t<\/div>\n\t\t\t\t\t<\/div>\n\t\t","protected":false},"excerpt":{"rendered":"<p>NOSOTROS IMPORTANDO \u2013 USA, es una revista de dirigida a Latino Am\u00e9rica y El Caribe. De distribuci\u00f3n semestral en forma F\u00edsica y mensual en forma Digital. F\u00edsicamente con llegada a los siguientes pa\u00edses: Colombia, Ecuador, Per\u00fa, Chile, Bolivia, Paraguay, Panam\u00e1, Costa Rica, Honduras, Guatemala, El Salvador y Guatemala. Online con llegada al Caribe y todos [&hellip;]<\/p>\n","protected":false},"author":1,"featured_media":0,"parent":0,"menu_order":0,"comment_status":"closed","ping_status":"closed","template":"","meta":{"footnotes":""},"_links":{"self":[{"href":"https:\/\/importando-usa.com\/site\/wp-json\/wp\/v2\/pages\/349"}],"collection":[{"href":"https:\/\/importando-usa.com\/site\/wp-json\/wp\/v2\/pages"}],"about":[{"href":"https:\/\/importando-usa.com\/site\/wp-json\/wp\/v2\/types\/page"}],"author":[{"embeddable":true,"href":"https:\/\/importando-usa.com\/site\/wp-json\/wp\/v2\/users\/1"}],"replies":[{"embeddable":true,"href":"https:\/\/importando-usa.com\/site\/wp-json\/wp\/v2\/comments?post=349"}],"version-history":[{"count":0,"href":"https:\/\/importando-usa.com\/site\/wp-json\/wp\/v2\/pages\/349\/revisions"}],"wp:attachment":[{"href":"https:\/\/importando-usa.com\/site\/wp-json\/wp\/v2\/media?parent=349"}],"curies":[{"name":"wp","href":"https:\/\/api.w.org\/{rel}","templated":true}]}}